49 = -3*f. Calculate the highest common divisor of n and 120.
15
Suppose 52 = 4*m - 20. Let o = -7 + m. Calculate the highest common divisor of 77 and o.
11
Let t be (3/(-1))/(-3) + (-94)/(-1). What is the highest common divisor of t and 19?
19
Suppose 280 + 169 = 3*p - 4*c, 2*p - 4*c = 294. Let j = -12 + p. Let a = -20 + 33. What is the greatest common divisor of j and a?
13
Let b(a) = -a**3 + 5*a**2 + 2*a - 4. Suppose -1 - 4 = -4*u - 3*r, 0 = 3*u + 4*r + 5. Let n be b(u). What is the greatest common factor of n and 6?
6
Let v(w) = w**3 - 12*w**2 + 10*w + 12. Let c(l) = -l**3 - 8*l**2 + 7*l - 7. Let g be c(-9). Let n be v(g). What is the highest common divisor of 3 and n?
1
Let n = 240 + -110. Calculate the greatest common divisor of n and 52.
26
Let s = 10 - 10. Let r(u) = u**3 + 76. Let d be r(s). Calculate the highest common factor of 19 and d.
19
Let w = 69 - 59. What is the greatest common factor of 20 and w?
10
Suppose 0 = -5*j + 3*n - 15, 2*j + 3*n = 5*n - 10. Suppose -2*y + 5*y - 3 = j. What is the highest common factor of y and 9?
1
Let v be (-6)/10 + 1163/5. What is the highest common factor of 58 and v?
58
Let y(d) = 2*d**2 + 10*d + 8. Let c be y(-6). Let s = c - 40. Let p = s - -35. What is the greatest common factor of p and 120?
15
Suppose 2*x = 2*j - 5 - 3, 0 = -j + 4*x + 10. Let l(b) = 23*b**3 - 2*b**2 - b + 1. Let d be l(j). Calculate the greatest common divisor of 25 and d.
25
Suppose 9 = u + 4*y - 6, 5*y + 11 = 3*u. Calculate the highest common factor of 63 and u.
7
Let i = -24 - -25. What is the greatest common divisor of 8 and i?
1
Suppose 4*k - 4 = 2*k, 3*n = 3*k. What is the greatest common divisor of n and 2?
2
Suppose -3*l = -6*l - 2*w + 127, 4*l - 188 = 2*w. Calculate the greatest common factor of 18 and l.
9
Suppose -35 = -5*z + 5*s, 2*s + 5 = z - 0. Let h be 5/((-10)/6) + z. Let l(y) = 6*y. Let q be l(1). What is the greatest common factor of q and h?
6
Let r be ((-75)/20)/(6/(-72)). Calculate the greatest common divisor of r and 45.
45
Let f = -6 + 8. Suppose 0 = o + f*o. Suppose 5*m + o*m - 245 = 0. What is the highest common divisor of 7 and m?
7
Let t(a) = 9*a**3 - 3*a**2 - 4*a - 4. Let g be t(4). Suppose -4*w + g = 3*j + 2*j, -w = 3*j - 302. What is the greatest common factor of j and 25?
25
Let m(b) = -2*b + 0 - 11 - 1 - 3*b. Let g be m(-6). Calculate the greatest common divisor of g and 45.
9
Let q(j) = j**3 + 5*j**2 + j - 7. Let s be q(-4). Calculate the highest common divisor of 40 and s.
5
Suppose -6 = -0*f + 2*f. Let m be (0 - f/9)*15. Let k(x) = 2*x**2 - 4*x - 3. Let v be k(m). Calculate the highest common divisor of 18 and v.
9
Let u = -21 - -28. Let o = 9 - u. What is the greatest common divisor of o and 18?
2
Let r(j) = -j - 5. Let u be r(-7). Suppose -u*m + 16 = 2*m. Let k be ((-2)/(-5))/(1/50). Calculate the highest common divisor of k and m.
4
Let n = -20 + 30. Suppose -3*o + 5*g = -27, 5*o + 2*g - 11 = -g. Let h(f) = -f**3 + 7*f**2 + 2. Let s be h(o). Calculate the highest common factor of s and n.
10
Suppose n = 4*n. Suppose n = 3*t + a + 3*a - 11, -20 = -4*t - 4*a. Suppose 0 = -4*s + 79 + t. What is the greatest common divisor of s and 11?
11
Suppose 4*h = -d - 0*d + 446, -330 = -3*h - 3*d. What is the greatest common factor of 7 and h?
7
Let d be (32/10)/(22/165). What is the highest common factor of 216 and d?
24
Suppose 4*x - t + 19 - 64 = 0, -4*x + 4*t + 60 = 0. What is the greatest common divisor of x and 110?
10
Let k be 50/(-15)*(0 + -3). Suppose b + k = -2*f + 6*b, 4*f - 40 = -5*b. Calculate the highest common divisor of 35 and f.
5
Suppose 0 = -10*s + 1432 - 112. Calculate the highest common divisor of 12 and s.
12
Let s(l) = 9*l - 7. Let d be s(6). Let x = 67 - d. What is the highest common factor of 4 and x?
4
Let d be (2/5)/(6/30). Let j(m) = m**2 - 4*m - 4. Let u be j(5). What is the highest common divisor of d and u?
1
Suppose -3*i - k - 4 = -4*i, -20 = -4*k. Suppose -41 = -5*y + i. What is the greatest common divisor of 70 and y?
10
Let h = 7 + -5. What is the highest common divisor of 5 and h?
1
Suppose 3*n + 12 = -81. Let i(w) = -w**2 - 21. Let l be i(0). Let x = l - n. What is the highest common divisor of 30 and x?
10
Suppose 5*o - 15 = 4*u, 2*o - 4*u - 6 = -0*u. Suppose 2*a + v = -v - 2, -17 = -o*a + 2*v. What is the greatest common factor of a and 3?
3
Let g = 26 - 18. Let s(f) = f**3 + 3*f**2 + f - 4*f**2 + 3 + 5. Let d be s(0). What is the greatest common divisor of g and d?
8
Let r be -3 + 3 + -1 - 31. Let a = -20 - r. What is the greatest common factor of a and 3?
3
Let g(d) = -5 - 7*d**2 + 2*d + d**3 + 2 - 3. Let n be g(7). What is the greatest common factor of 20 and n?
4
Let r(l) = 4*l**2 - 3*l**2 + 7*l + l**2. Let u be r(-5). Suppose -d = -0*d - 15. What is the highest common divisor of d and u?
15
Let y be 1986/33 - (40/44)/5. Calculate the highest common factor of y and 24.
12
Let q be 4/8 + (-246)/4. Let c = q + 37. Let a be ((-6)/(-8))/((-1)/c). What is the greatest common divisor of 6 and a?
6
Let n = -61 + 75. Calculate the highest common divisor of 42 and n.
14
Let f = 97 + -86. What is the greatest common factor of 176 and f?
11
Suppose -87 = -5*p + 63. Let w be 1054/14 - 4/14. What is the highest common divisor of p and w?
15
Suppose 3*z - 28 = 2*m, z - m - 12 = -3*m. Calculate the highest common factor of 90 and z.
10
Let o(v) be the second derivative of -v**5/20 + v**4/3 - 2*v**3/3 + 2*v**2 - v. Let x be o(6). Let m = -40 - x. Calculate the highest common factor of m and 13.
13
Suppose -12 = l - 3*l. Suppose 4*z - 5*t = 2 + 3, 3*z - 3*t - l = 0. Let q be 22*z/(10/4). Calculate the greatest common factor of 11 and q.
11
Suppose o + 51 = -0*o. Suppose -3*m = -3*n + m + 389, -n + 5*m + 148 = 0. Let s = n + o. Calculate the highest common factor of 8 and s.
8
Let p be (-9)/(-3) + -2 - (-1 - 283). What is the greatest common divisor of 15 and p?
15
Let f(r) = -2*r**3 - 6*r**2 + 2. Let z be f(-4). What is the greatest common divisor of z and 34?
34
Let p(j) = 2*j**2 + 0 + j + 3*j - 8. Suppose h - 5*h - 5*u - 39 = 0, -4*u - 18 = h. Let x be p(h). Calculate the greatest common factor of x and 16.
8
Let r be 22 + (-4 - 12)/(-4). Calculate the highest common factor of r and 208.
26
Let k = 1 - -4. Suppose -k*d = -5*z - 185, d - 3*z = 47 - 0. Suppose 3*r = -5*m + 29, -m - 3*m - r + 19 = 0. Calculate the highest common factor of m and d.
4
Let c be 4*2 + (0 - -2). Let f(t) = -t**2 - 4*t. Let d be f(-3). Suppose l = d*l - 60. What is the greatest common divisor of c and l?
10
Let d = -37 + 57. Let b be 5/((-2)/(4 - 2)). Let v(h) = -h - 1. Let o be v(b). What is the greatest common factor of o and d?
4
Let j = 161 + -73. Calculate the greatest common factor of 8 and j.
8
Let c be (-4 + 3)*(-31)/1. Suppose -5*z + 3*r = -r - c, 0 = 3*r - 3. What is the highest common divisor of z and 49?
7
Suppose -2*h + 0*h + 66 = 0. Let p be (3/2)/(h/242). Calculate the highest common divisor of 11 and p.
11
Let q(l) = 2*l**2 + 2*l + 10. Let d be q(-5). What is the greatest common factor of d and 75?
25
Suppose 2 = 2*h + 2*t - 0*t, 0 = -t. Let a be 1/3 - (-2)/(-6). Let j = 1 - a. Calculate the greatest common factor of j and h.
1
Suppose -5*l = 4*y - 168, -3*y + 5*y = 2*l - 78. Calculate the greatest common factor of 12 and l.
12
Let g be ((-28)/10)/(1/(-5)). Let a(s) = 33*s**2 - s - 2. Let o be a(3). Let i = o - 138. Calculate the greatest common factor of g and i.
14
Let r be 8 - -1 - (-7 - -5). Calculate the highest common factor of 88 and r.
11
Let p(w) = -w + 1. Let i be p(1). Let h = 7 - i. Let k(t) = 2*t - 2. Let u be k(h). What is the greatest common factor of u and 84?
12
Let g be 6/(-8) + (-30)/(-8). Suppose 4*a + m = -9, 2*m = -g*a - 6 - 2. Let j be (-6)/(-3)*(3 + a). Calculate the highest common factor of 2 and j.
2
Let r = -19 - -59. Suppose -6*m + 5*m + 5 = 0. What is the greatest common factor of r and m?
5
Let g be 24/60 + (-113)/(-5). What is the greatest common divisor of g and 115?
23
Let p = 239 - 141. Let d be (84/(-15))/(4/(-10)). Calculate the highest common divisor of d and p.
14
Suppose 69 = 4*f + b, -b - 2 = -3. What is the greatest common factor of f and 68?
17
Suppose -5*p + 271 = -3*r, 4*r + 147 + 201 = 4*p. Let v = r + 138. Calculate the greatest comm